. Calculate g(77).
-5
Let m(k) = 2348*k - 32870. Determine m(14).
2
Let w(v) = 351*v - 1075. What is w(3)?
-22
Let w(s) = 24*s - 973. Calculate w(37).
-85
Let w(g) = -g**3 + 11*g**2 - 15*g - 112. What is w(9)?
-85
Let d(x) = -2097*x + 100662. Calculate d(48).
6
Let p(a) = -80*a + 874. What is p(11)?
-6
Let m(b) = -3*b**3 + 19*b**2 + 3*b + 79. Give m(7).
2
Let t(v) = -2*v**2 - 134*v - 133. What is t(-1)?
-1
Let p(l) = 23*l**2 - 11*l - 8. Calculate p(-1).
26
Let v(h) = -h**3 + 17*h**2 + 33*h + 159. Give v(19).
64
Let h(s) = -s**2 - 149*s - 1520. Calculate h(-11).
-2
Let n(u) = -44*u - 1977. Calculate n(-46).
47
Let j(t) = -6*t - 150. Calculate j(-28).
18
Let v(y) = y - 128. Determine v(29).
-99
Let n(l) = -l**3 - 17*l**2 + l + 37. What is n(-17)?
20
Let q(s) = -s**2 + 6*s - 24. Determine q(2).
-16
Let r(v) = 177*v - 2148. What is r(12)?
-24
Let a(i) = -25*i**2 - 303*i - 9. What is a(-12)?
27
Let o(b) = 6*b**2 + 8*b + 31. Give o(0).
31
Let c(b) = -b**3 + 13*b**2 + 21*b - 157. Calculate c(14).
-59
Let i(b) = 3*b**2 - 255*b + 19. Give i(85).
19
Let w(n) = -n**3 - 23*n**2 + 6*n - 58. Calculate w(-23).
-196
Let r(s) = 910*s + 161977. What is r(-178)?
-3
Let q(r) = r**2 + 216*r + 5574. Determine q(-30).
-6
Let r(o) = 10*o**2 + 424*o - 1667. What is r(4)?
189
Let a(n) = -34*n**3 + 4*n**2 - 6*n + 7. Determine a(2).
-261
Let s(u) = u**3 + 435*u**2 - 38*u - 16515. What is s(-435)?
15
Let n(r) = -r**3 - 15*r**2 + 52*r + 1033. What is n(-13)?
19
Let c(p) = -3721*p - 7448. Determine c(-2).
-6
Let w(s) = -12*s**2 - 46*s - 57. Give w(-6).
-213
Let f(n) = -n**3 - 11*n**2 + 15*n + 302. Determine f(-9).
5
Let q(i) = -i**2 - 38*i + 1354. What is q(-60)?
34
Let z(b) = -63*b - 107. Give z(-3).
82
Let m(n) = -2*n**3 + 38*n**2 + 28. Give m(19).
28
Let j(x) = x**3 - 86*x**2 - 98*x + 1111. Give j(87).
154
Let t(d) = -6*d**2 - 214*d - 44. Determine t(-36).
-116
Let m(i) = -i**3 + 9*i**2 - 8*i + 30. What is m(8)?
30
Let i(u) = -u**2 - 14*u - 18. Give i(-12).
6
Let o(k) = k**2 - 73*k - 309. What is o(79)?
165
Let b(o) = 99*o**2 + 80*o - 80. Determine b(1).
99
Let n(a) = 2*a**3 - 15*a**2 + 42*a - 12. Calculate n(4).
44
Let k(v) = v**2 + 95*v - 12483. Determine k(74).
23
Let n(h) = -27*h**2 - 36*h - 2. Calculate n(-1).
7
Let r(z) = -z**2 + 72*z + 650. Give r(-8).
10
Let h(k) = -9*k**2 + 69*k + 568. Determine h(-5).
-2
Let r(k) = -k**3 - k**2 - 3*k + 32. Calculate r(-6).
230
Let c(q) = 75*q + 3072. Determine c(-41).
-3
Let p(a) = 69*a**2 - 1235*a - 112. What is p(18)?
14
Let s(n) = 84*n - 748. What is s(9)?
8
Let n(l) = 186*l + 6522. What is n(-35)?
12
Let x(w) = -10*w + 152. Calculate x(18).
-28
Let s(y) = 744*y - 61. Determine s(0).
-61
Let d(t) = -772*t - 207. Determine d(-2).
1337
Let v(t) = -t**2 - 41*t + 81. What is v(-47)?
-201
Let c(w) = 12*w + 46. Give c(-3).
10
Let y(x) = 3*x**2 - 20*x - 146. What is y(11)?
-3
Let w(j) = j**3 - 26*j**2 - 223*j + 5753. Give w(26).
-45
Let c(n) = 31*n**2 - 92*n + 2. Determine c(3).
5
Let f(t) = -39*t**2 - t + 1. What is f(1)?
-39
Let v(h) = h**3 + 7*h**2 + 14*h + 9. Determine v(-5).
-11
Let r(l) = -l**3 - 38*l**2 - 103*l + 13. Determine r(-35).
-57
Let j(f) = -f**3 - 23*f**2 - 47*f + 149. Determine j(-20).
-111
Let x(s) = -s**3 - 8*s**2 + 243*s + 30. Give x(-20).
-30
Let r(x) = -2*x**2 + 76*x - 77. What is r(1)?
-3
Let p(f) = 7*f**2 - 96*f + 449. Give p(5).
144
Let n(r) = -167*r**2 - 98*r + 189. What is n(2)?
-675
Let w(o) = -o**3 - 5*o**2 - 37*o - 130. Determine w(-4).
2
Let d(b) = b**3 - 21*b**2 + 16*b + 13. Give d(20).
-67
Let p(z) = 2*z**3 - 21*z**2 + 11*z + 26. Calculate p(10).
36
Let u(o) = 101*o + 9295. Calculate u(-92).
3
Let b(n) = -20*n**2 + 1922*n - 272. Give b(96).
-80
Let k(o) = o**3 + 10*o**2 + 27*o + 20. Determine k(-8).
-68
Let b(n) = -21*n + 85. What is b(6)?
-41
Let g(o) = o**3 - 55*o**2 + 106*o + 31. What is g(53)?
31
Let k(z) = 82*z**2 - 14*z - 1. Calculate k(-1).
95
Let r(u) = -u**2 - 14*u + 648. Give r(-30).
168
Let c(w) = 4*w**2 + 3*w - 425. Calculate c(-10).
-55
Let n(i) = i**3 - 24*i**2 + 133*i - 85. Calculate n(7).
13
Let r(v) = -35*v**2 + 2342*v + 218. What is r(67)?
17
Let d(r) = -47*r + 274. Determine d(-5).
509
Let a(b) = 4*b - 22. Calculate a(0).
-22
Let j(n) = -42*n + 126. Determine j(4).
-42
Let d(p) = 2*p**3 - 3*p**2 + 14*p + 13. What is d(-4)?
-219
Let u(m) = -m**3 + 85*m**2 - 992*m - 164. Give u(71).
-22
Let v(i) = -2061*i - 47402. What is v(-23)?
1
Let k(b) = 5*b**2 + 143*b + 654. Determine k(-6).
-24
Let t(i) = i**2 - 34*i - 21. What is t(35)?
14
Let n(j) = -j**3 - 3*j**2 - 7. What is n(0)?
-7
Let a(b) = -12*b - 1084. Determine a(-90).
-4
Let a(u) = 11*u + 188. Determine a(-9).
89
Let o(c) = 3*c**2 - 207*c + 1774. What is o(59)?
4
Let d(y) = -168*y - 4630. What is d(-27)?
-94
Let x(y) = 8*y - 193. What is x(38)?
111
Let u(s) = -2*s**2 + 53*s - 413. Give u(10).
-83
Let d(w) = -2*w**3 + 9*w**2 + 14*w - 16. Determine d(6).
-40
Let q(b) = -3*b**2 - 84*b - 323. Give q(-4).
-35
Let q(l) = l**3 - 84*l**2 + 87*l - 328. Determine q(83).
4
Let x(c) = -c**3 - 144*c**2 + 290*c + 3. Calculate x(2).
-1
Let z(t) = 241*t + 14679. What is z(-61)?
-22
Let q(t) = -t + 71. Calculate q(19).
52
Let v(h) = -2*h**2 - 4*h + 21. What is v(3)?
-9
Let t(g) = 8*g - 81. Give t(-22).
-257
Let g(m) = -309*m - 1719. What is g(-6)?
135
Let y(r) = -r**3 + 17*r**2 + 21*r - 331. What is y(17)?
26
Let s(g) = -g**3 + 18*g**2 - 71*g - 23. Give s(6).
-17
Let p(r) = -r**2 - 151*r - 5570. Give p(-67).
58
Let w(c) = 10*c**2 + 5*c - 5. Determine w(1).
10
Let k(j) = 8*j + 331. Calculate k(-43).
-13
Let l(h) = -14*h + 24. Give l(13).
-158
Let x(t) = -t**2 - 69*t - 505. Give x(-52).
379
Let q(i) = -233*i + 3581. Calculate q(16).
-147
Let t(r) = -r**3 + 22*r**2 + 51*r + 111. What is t(24)?
183
Let p(l) = -3*l**2 - 365*l + 736. Determine p(2).
-6
Let a(h) = -h**3 + 15*h**2 - 174*h + 2557. Calculate a(15).
-53
Let u(c) = -6*c**3 - 2*c**2 + 582*c + 584. Give u(-1).
6
Let b(t) = -2438*t - 43881. What is b(-18)?
3
Let g(d) = d**3 + 53*d**2 + 48*d - 7. What is g(-52)?
201
Let i(w) = 125*w + 29236. What is i(-234)?
-14
Let x(g) = -g**2 + 106*g + 5086. Give x(-36).
-26
Let c(o) = -o**2 - 62*o - 929. Give c(-24).
-17
Let n(o) = -13*o - 121. Determine n(-12).
35
Let u(h) = -h**3 + h**2 + 190*h + 866. What is u(-5)?
66
Let b(z) = -z**2 - 15*z + 104. Calculate b(-15).
104
Let t(w) = w**3 - 76*w**2 - 69*w - 561. Determine t(77).
55
Let n(w) = -2*w**3 - 51*w**2 - 114*w + 38. Give n(-23).
15
Let q(d) = -d**3 - 15*d**2 + d + 19. What is q(-15)?
4
Let t(u) = 145*u + 3051. Give t(-21).
6
Let j(h) = -h**3 - 158*h + 327. Calculate j(2).
3
Let d(n) = n**3 + 72*n**2 - 158*n - 741. What is d(-74)?
-1
Let i(n) = 52*n - 1717. Determine i(32).
-53
Let k(n) = -42*n - 2607. Give k(-60).
-87
Let j(l) = l**3 - 30*l**2 - 405*l + 204. Determine j(40).
4
Let u(g) = 12*g - 287. Calculate u(34).
121
Let b(g) = g**2 - 199*g - 6131. What is b(-27)?
-29
Let r(z) = -28*z**2 + 897*z - 32. Calculate r(32).
0
Let q(y) = -303*y + 1823. Give q(6).
5
Let p(t) = -t**3 - 15*t**2 - 34*t + 38. Give p(-5).
-42
Let s(c) = -2*c**2 + 8*c + 20. Give s(5).
10
Let z(s) = -50*s + 1079. Calculate z(23).
-71
Let w(h) = -h**3 - 67*h**2 - 661*h - 38. Give w(-55).
17
Let x(l) = -l**2 - 684*l + 2740. Determine x(4).
-12
Let h(y) = -y**3 - 19*y**2 - 48*y - 36. Give h(-15).
-216
Let r(v) = -88*v - 261. Give r(-3).
3
Let h(t) = -284*t + 1623. Calculate h(6).
-81
Let w(u) = 3*u**3 + 2*u**2 + u - 1. Calculate w(-2).
-19
Let g(f) = 66*f + 2293. Give g(-35).
-17
Let i(x) = -16*x**3 - 99*x**2 - 49*x - 202. What is i(-6)?
-16
Let g(h) = h**2 - 19*h + 94. Give g(8).
6
Let s(n) = n**3 + 21*n**2 - 319*n - 4240. What is s(-27)?
-1
Let h(k) = 2*k + 73. Determine h(-20).
33
Let r(y) = 3*y**3 + y**2 + 52*y + 107. Calculate r(-2).
-17
Let w(q) = 3*q**2 - 5*q - 29. What is w(-9)?
259
Let c(b) = 39*b**2 + 541*b + 448. Give c(-13).
6
Let v(x) = 3*x**2 + 97*x + 718. Give v(-8).
134
Let l(x) = 69*x + 1638. Determine l(-24).
-18
Let g(v) = -v**3 + 63*v**2 - 391*v - 67. Give g(56).
-11
Let p(o) = 36*o + 176. Give p(-15).
-364
Let u(h) = h**2 + 27*h - 2499. Calculate u(37).
-131
Let g(b) = 114*b + 2. Give g(0).
2
Let x(k) = 2*k**2 - 105*k + 533. Determine x(47).
16
Let n(s) = -14185*s - 42576. Give n(-3).
-21
Let x(h) = -h**3 